 4*q. Let a = -57 - q. Suppose 9*k - a = 7*k. What is the units digit of k?
2
Let k be (-1)/4 - 23/4. Let p = 6 - k. What is the tens digit of p?
1
Let z(d) = -2 + 15*d + 0 + 7*d**2 - d**2 - 7*d**2. What is the tens digit of z(10)?
4
Suppose -89 = -3*g + 94. What is the tens digit of g?
6
Let i(h) = h**3 + 10*h**2 - 11*h - 4. Let c be i(-11). Let n(b) = b**2 + b - 5. Let o be n(c). What is the units digit of (-4 + o)*20/6?
0
Let p = -62 + 79. What is the tens digit of p?
1
Let c(i) = -16*i. Suppose 2*r - 1 = 3*b, 2*b + 1 = 5*b - 4*r. What is the tens digit of c(b)?
1
Let g be (-2)/6 - 4/(-12). What is the units digit of 0 - (g/2 - 3)?
3
Let w(t) = t**2 - t - 1. What is the tens digit of w(4)?
1
Let g(q) be the first derivative of -2*q**2 - 17*q - 9. What is the units digit of g(-8)?
5
Suppose -4 = -q - q. Suppose 9 + 16 = -5*s. Let k = q - s. What is the units digit of k?
7
Let q = 34 - -5. Suppose 3*r - q = -4*s, 0 = -3*s + 4*r + 25 + 23. What is the units digit of s?
2
Suppose 5*a - g - 173 = -0*a, 0 = a - 5*g - 25. What is the units digit of a?
5
Let g(j) be the third derivative of j**4/24 - 3*j**3/2 - 3*j**2. What is the units digit of g(10)?
1
Let k(y) = -y**2 + y + 6. Let u be k(3). Suppose 4*h = -5*q + 138, -4*q + u*h + h + 102 = 0. What is the tens digit of q?
2
Let x(d) = d**3 - 2*d**2 - d + 6. Let t be x(5). Suppose t = 3*l - l. Suppose 3*i = -5*f + l, -i + 2*f + 8 = -1. What is the units digit of i?
1
Let i(n) = n - 12. Let v(d) = 2*d - 25. Let q(f) = -9*i(f) + 4*v(f). Let l be q(6). What is the units digit of (-111)/(-6) - 1/l?
8
Suppose 3*y - t - 5 = -5*t, 4*t + 7 = y. Suppose 0*l - 63 = -y*l. What is the tens digit of l?
2
Suppose -4*s + 3*k = -0*s - 5, -s + k = 0. Let r be (2/(-4))/(-1 - (-6)/12). Suppose l + r = -4*g + 20, -s*l + 15 = 0. What is the units digit of g?
4
Suppose -c = -5*i + 3*c + 1, -5*i + 2 = -3*c. What is the tens digit of (9 + i)*6/4?
1
Let j be ((-4)/(-4))/(2/4). Let w be (1 - -3)*3/j. Let v(i) = i + 1. What is the units digit of v(w)?
7
Suppose -2*s = 3*r + 40, -2*r = -0*r + 2*s + 28. Suppose 7*f = 4*f. Let n = f - r. What is the tens digit of n?
1
Suppose 18 = 3*m + 4*n - 70, 3*m - 106 = 5*n. Suppose -2*v + m = 2*v. Suppose -2*t + 4*h + v = 0, t + 46 = 5*t + 2*h. What is the tens digit of t?
1
Let o be ((-6)/9)/(1/(-3)). Suppose 0 = -0*g + g - o. Suppose z = g + 2. What is the units digit of z?
4
Let p(a) = 2*a**2 - 14*a - 5. What is the tens digit of p(-6)?
5
What is the units digit of -60*-3*2/12?
0
Let r(h) = -h**3 - 8*h**2 + 2*h + 19. What is the units digit of r(-9)?
2
Let s = -46 - -93. What is the units digit of s?
7
Let t(z) = z**3 - 2*z**2 - 2. Let r be t(2). Let b(g) = g**3 + 6*g**2 - 3*g + 19. Let a be b(-7). Let o = r - a. What is the units digit of o?
7
Suppose 8 + 12 = 4*l. Suppose -2*y + 170 = 4*f, 2*y + l = -3*y. What is the units digit of f?
3
Let l(d) = -d + 2*d - 3*d + 3. Let i be l(-5). Suppose -t + 9 = 3*o - 4*t, -4*o + i = -5*t. What is the units digit of o?
2
Suppose 7 + 24 = c. Let m = c - 7. What is the tens digit of m?
2
Let z(j) = 2*j**2 - 2 - 9*j + 0 + 4. What is the units digit of z(6)?
0
Suppose 0 = c - 3*c + 1092. What is the tens digit of (-4)/(-10) + c/35?
1
Suppose -198 = -5*b + 207. What is the tens digit of b?
8
Suppose 0*s + 188 = 4*s. What is the tens digit of s?
4
Let z be (-1*(1 - 1))/(-1). Suppose -f - p - 3*p - 4 = z, -3*f + 5*p = -73. What is the tens digit of f?
1
Suppose 4*n - 4*l + 8 = 0, 2*n - 4*n + l + 1 = 0. Suppose -2*u = 3*p - n*u - 17, p - 3*u = 3. What is the units digit of p + (2 + -4 - -4)?
8
Let u be 4/30 + 64/(-30). Suppose 3*a + 20 = -4*r, 0*a + 4 = 2*r - 2*a. What is the units digit of u*r/2 - 0?
2
Suppose 2*j = -0*j + 26. Suppose -12*z + j*z - 31 = 0. What is the tens digit of z?
3
Let q(y) = -9*y + 3. Let z be ((-36)/(-48))/((-1)/4). What is the units digit of q(z)?
0
Suppose 2*p + 40 - 4 = 0. Let c = 31 + p. What is the tens digit of c?
1
Suppose l + 4*t - 3 - 38 = 0, 123 = 3*l - t. What is the units digit of l?
1
What is the tens digit of 4/2 - -26 - -3?
3
Suppose -4*z + 3*z = 6. Let n = -6 - z. Suppose -h - 15 = -2*h - 5*j, n = -4*h - 5*j + 45. What is the tens digit of h?
1
Let n(h) = 94*h + 2. What is the units digit of n(2)?
0
Let o(l) be the third derivative of -l**5/60 - 7*l**4/24 - l**3/6 - 3*l**2. Let b be o(-6). Let q = -4 + b. What is the units digit of q?
1
Let y = -1 + -1. Suppose 32 = -5*w - 3*b - 3, 0 = -5*w + b - 15. What is the units digit of (2/w)/(y/24)?
6
Let u = 13 - 6. Let f = 3 - u. What is the units digit of (2 - -8)*(-2)/f?
5
Suppose 172 = 2*c - 218. What is the hundreds digit of c?
1
Let s be (98/(-3))/(18/(-27)). Suppose 5*k - s = 4*k. What is the units digit of k?
9
Let i = 40 - 57. Suppose -24 + 4 = 2*k - w, 0 = 2*k - 4*w + 32. Let n = k - i. What is the units digit of n?
9
Suppose 8 = s + 3*s. Suppose s*p + 0*p - 44 = 0. What is the tens digit of p?
2
Suppose 0*h = 2*h - 66. What is the tens digit of h?
3
Let z = 3 + 24. What is the tens digit of z?
2
Let b = 62 + -39. What is the tens digit of b?
2
Let a = -99 + 313. What is the tens digit of a?
1
Let w = -11 + 7. Let m = w - -9. Suppose m*l = -2*n - 6 + 40, -3*n = -l. What is the units digit of l?
6
Let q(m) = m**2 + m + 2. Let h be q(0). Let x = h - 2. What is the units digit of 2 + (x - (3 + -2))?
1
Suppose 3*b = -3*c - 3, 0 = -4*b + 8*c - 3*c - 4. Let y(k) = k + 11. Let s be y(-8). Let a = s + b. What is the units digit of a?
2
Suppose -4*u - 44 + 172 = 0. What is the units digit of u?
2
Let c(b) = b**2 + 2*b - 2*b - 2*b + 0*b. What is the units digit of c(5)?
5
Suppose -g + 3 = -1. Suppose -5*h - 30 = -2*f - g, 1 = -5*f - 4*h. Suppose 0 = -l - f + 14. What is the tens digit of l?
1
Let i(k) = -k + 1. Let m be i(1). Let w = m + 15. What is the tens digit of w?
1
Let m = -416 - -591. What is the tens digit of m?
7
Suppose 3*h + 90 = -3*v, -2*v = h + 83 - 18. Let w = v - -67. What is the tens digit of w?
3
Let w be (58/(-4))/((-6)/(-12)). Let h = w + 40. What is the units digit of h?
1
Suppose -2*y - 2*s + 7 = y, 2*s - 10 = -4*y. Let m(d) = 4*d - 7 + 3 - d**2 + 1 + y*d. What is the units digit of m(6)?
3
Suppose -a + 18 = -4*u, 3*u - 119 = -3*a + 2*u. What is the units digit of a?
8
Let u(a) = -a + 42. Let m be u(0). What is the units digit of (-89)/(-6) + 7/m?
5
Let k be (-1)/(0 + -1) + -28. Let s(u) = u**3 - 2*u**2 - 3*u + 4. Let m be s(3). What is the units digit of 1/(((-12)/k)/m)?
9
Let s(j) = 3*j**2 + j. Let r be 18/14 + (-8)/28. What is the units digit of s(r)?
4
Suppose -b - 3*b = -376. What is the units digit of b?
4
Let y = 14 + -10. Suppose -y*n - 5 = -5*n. What is the units digit of n?
5
Suppose -2*c - 5*s + 2 = -5, c - 3*s = -13. Let q(u) = -u**2 - u + 1. Let p be q(3). Let l = c - p. What is the units digit of l?
7
What is the tens digit of 12/3 + (3 - -53)?
6
What is the tens digit of 44 + 10/2 + -3?
4
Let k be 0/(1/(2/(-2))). Let q(z) = -2 + 5 - 3*z + k*z + 2*z. What is the units digit of q(2)?
1
Suppose 3*s - 3*q - 3 - 18 = 0, -3*q = 4*s - 21. Let w = -1 - s. Let u = -1 - w. What is the units digit of u?
6
Let v = 5 + 87. What is the units digit of v?
2
Suppose -4*j - 4*d = -2*j - 78, 0 = 4*j + 3*d - 181. What is the tens digit of j?
4
Let i(k) = -k**3 - 4*k**2 + 5*k - 6. Let o be i(4). Let h = -160 - o. What is the units digit of h/(-6) + 8/(-12)?
7
Suppose 0 = -5*q, -2*b + 9 = b - 3*q. Suppose -14 = b*m - 3*z - 2, 4*m + 8 = 2*z. Suppose m*x = -x + 6. What is the units digit of x?
6
Let y(x) = -34*x. Let f be y(-1). Suppose -3*o - 2*z + f = 0, 2*z - 6*z - 12 = -4*o. What is the units digit of o?
8
Suppose -3*t + 110 = -2*a, a = t + 5*a - 46. What is the units digit of t?
8
Suppose -78 = -0*q + 3*q. Let c = -15 - q. Let b = c - 2. What is the units digit of b?
9
Let p = -3 - -8. Suppose 11 = -p*x + 81. What is the tens digit of x?
1
Suppose 0 = 4*t - 11 + 43. Let c = t - -11. What is the units digit of c?
3
Let d = 1027 + -729. What is the tens digit of d?
9
Let c(x) = 39*x - 1. Let p be c(2). Let r = -33 + p. What is the tens digit of r?
4
Let d(p) = -p**3 - 10*p**2 + p + 4. Let k = 9 - 19. Let l be d(k). What is the units digit of (l - -4)*1/(-2)?
1
Let l(h) = h**2 - 7*h + 6. Let c be l(4). Let m = c - -6. Suppose 4*s - 27 + 7 = m. What is 